ose -5*w + 29 = 104. Let a = w - -15. Let j(l) = l**3 - 13. Give j(a).
-13
Let i = 37 - 38. Let r(v) = -13*v**3 - v**2 + 1. Calculate r(i).
13
Let o(f) = f + 2. Let h be ((-2)/4)/((-2)/(-28)). Calculate o(h).
-5
Let v be 6/33 - (-222)/(-11). Let m be 4/v + 16/5. Let g(s) = m - s - s + 4*s. Calculate g(-2).
-1
Let j(g) = 6*g. Let w be j(-1). Let s(v) = -v**3 - 5*v**2 + 7*v + 7. What is s(w)?
1
Suppose 2*l - 8 = 10*l. Let j(i) = 18*i**2 + i + 1. Give j(l).
18
Let b(p) be the third derivative of -p**2 + 0*p**5 - 1/10*p**6 + 0 + 1/6*p**3 - 1/24*p**4 + 0*p. Calculate b(1).
-12
Let n(g) be the first derivative of -g**3/3 + 3*g**2/2 + 2*g + 2. Suppose 0 = -0*h - 2*h + 8. What is n(h)?
-2
Let q(h) = 14*h**3 + 21*h**2 + 11*h - 16. Let l(f) = -3*f**3 - 4*f**2 - 2*f + 3. Let s(a) = 11*l(a) + 2*q(a). Suppose 279*o + 1 = 278*o. What is s(o)?
4
Let y(u) = u**3 + 4*u**2 + 4*u + 1. Let b be 3/(-4) + 3/(-12). Let v = -2 - b. Let o be -5 + 1 + v/(-1). Calculate y(o).
-2
Suppose h = 2*x + 1, 5*x - 8*h + 7*h + 1 = 0. Let y(u) = -u - 6. Give y(x).
-6
Let u(p) = -p**3 + 8*p**2 - 2*p + 4. Let v be 74/9 + 5/((-270)/12). What is u(v)?
-12
Let y(d) = 3*d**2 + 2*d. Let f(s) = -10*s**2 - 7*s. Let p(t) = 2*f(t) + 7*y(t). Determine p(-1).
1
Let q(d) = d**3 - 2*d - 1. Let i = -7 - -7. Suppose i = 2*v + 3*v + 5. What is q(v)?
0
Let n(q) = -q**2 - 6*q - 8. Let k = 61 - 67. Calculate n(k).
-8
Let p(c) = c + 3. Suppose 6 = -v + 2*b, -5*v + 0*b + 4*b = 0. Let i be v/6 - 40/6. Determine p(i).
-3
Let k(d) be the third derivative of -d**5/60 + d**4/12 - d**3/6 + 10*d**2. Let t(o) = o**2 + 6*o - 2. Let w be t(-7). Suppose 2*n + 3*n - w = 0. Calculate k(n).
0
Let p(a) be the third derivative of a**6/30 - a**5/30 - a**4/24 + a**3/3 + 2*a**2 - 2*a. Calculate p(2).
24
Let x(y) = -y**3 - 5*y**2 - 5*y - 6. Let o(z) = z**2. Let k be o(-2). Suppose d = -k*d. Let s = d + -4. Calculate x(s).
-2
Let x(i) = 2*i**2 + 4*i + 4. Let a(d) = -d**3 + 2*d**2 + d + 3. Let t be a(3). Determine x(t).
10
Suppose -4*k + 2*k = 0. Let p(g) = 2*g + 1 + k*g - 6. Let u be 2/8 - (-57)/12. What is p(u)?
5
Let m = -107 - -113. Let v(f) = -11*f**2 + 3*f - 1. Let u(h) = -5*h**2 + h - 1. Let d(z) = -13*u(z) + 6*v(z). What is d(m)?
1
Let r(l) = l**3 + 2*l**2 - l + 1. Let a(o) = -o**2 - o + 4. Let v be a(-3). Calculate r(v).
3
Let m(t) = -5*t + 5 + t**2 - 1 + 0*t + 0*t**2. Give m(6).
10
Suppose 0 = 2*i - 4 + 2. Let m(k) = 7*k**2 - k + 1. What is m(i)?
7
Let d(p) be the second derivative of p**5/20 + p**4/12 + p**3/6 + p**2/2 - 5*p. Suppose 3*k = 6*k. What is d(k)?
1
Let s = -20 - -22. Let t(n) = -2*n + s - 3 - 1. What is t(-2)?
2
Let f(z) = 9*z**2 - 12*z - 4. Let l(d) = 5*d**2 - 6*d - 2. Let n(r) = 6*f(r) - 11*l(r). Determine n(-6).
-2
Let k(l) = l**2 - 9*l + 6. Let m be (3/2)/(2/8). Calculate k(m).
-12
Let h(s) = 4 + 1 + s - 3. Let x(a) = -a**2. Let d be x(-1). Let r = d + 0. Determine h(r).
1
Suppose -b + 16 = -5*o + 3*b, -20 = 2*o - 5*b. Suppose o = 7*w - 3*w + 40. Let v be (-15)/w + (-10)/(-4). Let m(x) = -2*x. Calculate m(v).
-8
Let u be 0/(-2) + 0/(-3). Suppose u = -n + 5 - 2. Let a(c) = -c**3 + c**2 + 5*c - 3. Determine a(n).
-6
Let i(k) be the first derivative of -k**2/2 + 2*k - 1. Let w = -9 + 5. Determine i(w).
6
Let i be (-1)/(-2)*(1 - 11). Let x(n) = -n**2 + 6*n - 3. Let z(w) = w**2 - 6*w + 2. Let q(o) = i*x(o) - 6*z(o). Give q(6).
3
Suppose 2*q = -2*q + 8. Let l(i) = -8*i - 3 - 7*i**q - 1 - 2 - i**3. Give l(-6).
6
Let l(z) = -z - 4. Let c(t) = -t**2 - 5*t + 3. Let j be c(-6). Determine l(j).
-1
Suppose 7*y - 4*y = 0. Suppose -5*u = -2*i - 10, u = 2*i - 1 + 3. Let g(c) = -c + 2*c - u*c - 6 + c**3. Determine g(y).
-6
Let a(k) be the first derivative of -3*k**2/2 + 4*k - 8. Calculate a(5).
-11
Let t be 4/22 - ((-540)/55 - -6). Let z(h) = h**3 - 5*h**2 + h + 2. What is z(t)?
-10
Let n(m) be the second derivative of -m**3/6 - 3*m**2/2 + 7*m. What is n(-4)?
1
Let d(w) be the third derivative of -w**6/120 - 7*w**5/60 - w**4/3 - 5*w**3/6 + 9*w**2. Calculate d(-5).
-15
Let f(h) = 3*h**2 - 5 + 2*h + 0 + 1 + 3. Give f(1).
4
Let y(i) be the third derivative of -i**6/120 - i**5/60 + i**4/24 - i**3/6 - 6*i**2. Let r = -1 + 1. Suppose 0*w + 5*w + 10 = r. What is y(w)?
1
Let z(t) be the third derivative of 0 - 3*t**2 - 1/12*t**4 + 0*t + 1/6*t**3 + 1/12*t**5. Let i = -1 - -2. Determine z(i).
4
Let t(n) be the third derivative of n**6/120 - 3*n**5/20 - 5*n**4/12 - n**3/2 + 9*n**2 + 1. Give t(10).
-3
Let i(s) = -s - 23. Suppose -8*l = -7*l. Determine i(l).
-23
Suppose 10 = -2*l - 4*z, 4*l - 10 = 3*z - 41. Let g(q) = q**2 + 7*q + 1. What is g(l)?
1
Let y(f) = -f**2 + 3. Let w(l) = -3 + 4 - 2 - l. Let s be w(2). Give y(s).
-6
Let n(x) be the third derivative of 0*x - 7/24*x**4 - 1/2*x**3 - x**2 + 0 - 1/60*x**5. Calculate n(-6).
3
Suppose -y - 5 = -2. Let m(s) be the first derivative of s**4/12 + s**3/6 - s**2 - 2. Let g(v) be the second derivative of m(v). What is g(y)?
-5
Let r(q) = 0 + 0*q + 13*q + 3*q + 3. Let u(a) = -5*a - 1. Let s(n) = 2*r(n) + 7*u(n). Let y(h) = -h**2 - 3*h - 2. Let j be y(-3). Determine s(j).
5
Suppose c - 2*c + 3 = 0. Suppose -2*v - 7 + c = 0. Let z(p) = 3*p - 2. What is z(v)?
-8
Let d(l) = -l**2 + 1. Let b(f) = 2*f**2 - 2*f + 1. Let g(t) = -b(t) - 3*d(t). Let r(h) = 2*h**3 + 4*h**2 + 2*h. Let m be r(-2). Calculate g(m).
4
Let r(n) = -n**2 - 8*n - 7. Suppose 0 = -4*h + 2*h + 60. Suppose -h = 5*i - 5. Calculate r(i).
8
Let k(i) be the third derivative of 0 + 0*i + 1/6*i**3 + i**2 + 1/12*i**4. Let v(a) = a**3 + 3*a**2 + 5*a + 1. Let n be v(-2). Calculate k(n).
-9
Suppose -2*t - 30 = 4*u, 3*u + t = 6*u + 20. Let q(j) = -j**3 - 6*j**2 + 7*j. Give q(u).
0
Let f(t) = -t**2 + 5*t - 1. Let l be f(4). Let g be (0 + l)*(-1)/(-3). Let v be (3 - (g - 2)) + 1. Let a(w) = w**3 - 5*w**2 + 6. Determine a(v).
6
Let j(p) = 6*p**3 - 2*p**2 + p. Let t be j(1). Suppose -5*c + t = x - 16, -3*c + 8 = -4*x. Let g(q) = -3*q + x + q**2 + q - 3. Give g(4).
6
Suppose -s + 28 = 25. Let p(g) = g - 3. Give p(s).
0
Suppose 19 = m + 4*z, 2*m - 13 = -0*z - 3*z. Let x be 3/(2/(-2)) + m. Let w(v) = -2*v. Give w(x).
8
Let h(m) = -5*m + 2. Let v(w) = -5*w + 1. Let k(p) = 4*h(p) - 5*v(p). Give k(-3).
-12
Let j(b) = 9*b + 7. Let w(g) = -28*g - 20. Let r(n) = -17*j(n) - 6*w(n). Suppose -4 = 3*s - 7*s. Determine r(s).
16
Let v = -7 - -5. Suppose -20 = -m - 4*w, -4*m + 2*w = -7*m + 20. Let n(i) = i + 0*i + 6 - m - 3*i. Calculate n(v).
6
Let k = 11 + -15. Let f(t) = -t**3 - 5*t**2 - 5*t - 3. Calculate f(k).
1
Let w = 1 + 2. Let c(q) = 0*q**2 - w*q - 2*q + q**2. Let d = -184 + 188. Calculate c(d).
-4
Suppose 2*o - 2*p = 3*o + 1, 3*o + 5*p + 1 = 0. Let m(u) = 3*u + 3*u - 4*u - o*u**2 - u. Determine m(-1).
-4
Suppose -3*i - 15 + 45 = -3*v, 0 = -4*v - 2*i - 34. Let u(b) = b**2 + 9*b + 7. Calculate u(v).
7
Let u(a) = 7*a - a - a**2 + 1 - a. Suppose -2*w = -i + 22, 2*w + 3*w + i + 69 = 0. Let z = -8 - w. Give u(z).
1
Let d be 10/(-35) + (-33)/7. Let n(a) be the second derivative of a**3/2 + 5*a**2/2 + 7*a. What is n(d)?
-10
Suppose -s + 17 = -2*n - 6*s, -2*s = 3*n + 20. Let k(g) = g + 1. What is k(n)?
-5
Let b(s) = s**2 - 7*s - 10. Let i be b(7). Let d = i - -24. Let x = 10 - d. Let p(n) = n**2 + 5*n + 3. Give p(x).
-1
Let q = 2 - 16. Let c = q - -10. Let t be c/(-10) - (-6)/(-15). Let w(a) = -a**2 - a + 6. What is w(t)?
6
Let q(p) = -3*p + 5. Suppose 5*h - k + 20 = -6*k, 2*k = -3*h - 13. Calculate q(h).
20
Let t(c) = c**2 + 1. Let g(u) = 4*u**2 + u + 7. Let p(v) = g(v) - 5*t(v). What is p(2)?
0
Let v(d) = 3*d**2 + 8*d + 1. Let l be v(-3). Let t(j) = -j + 9. Determine t(l).
5
Let f(i) = 5*i**2 + i - 1. Let b be (2/6)/(((-14)/6)/(-7)). What is f(b)?
5
Let x(t) = 8*t**3 - t - 1. Let f be x(-1). Let p(m) = m**2 + 8*m - 6. What is p(f)?
-6
Let f(l) be the first derivative of 2 - 2*l + 1/2*l**3 + 3*l**2. Let i(u) be the first derivative of f(u). Give i(-4).
-6
Let v(h) = 2*h**2 + 10*h + 3. Let q be v(-4). Let c(p) = 8*p + 11. Let j(g) = -g - 1. Let u(z) = -c(z) - 6*j(z). Give u(q).
5
Let d = 33 + -30. Let f(c) be the first derivative of 2*c - 1/2*c**2 + 1/3*c**3 - d. What is f(2)?
4
Let s(g) = -5*g - 1 - g**3 + g**2 + 5*g. Suppose d = 5*k - 9, 7*d + 16 = 3*d. Calculate s(k).
-1
Let h(n) be the first derivative of n**5/40 - n**3/3 - 6. Let r(o) be the t